u be n(50). What is the greatest common divisor of l and u?
23
Let q be (-1)/(8/(-44))*40. Suppose -76*n + 66*n = -q. Let s be -2 - (-60 + (3 - 0)). What is the highest common divisor of s and n?
11
Let n(i) = 66*i + 4443. Let k be n(-58). Calculate the greatest common divisor of 555 and k.
15
Suppose 3*m = 21, -87*m - 91 = -5*h - 90*m. What is the highest common divisor of h and 328?
2
Suppose -227 + 862 = -5*q. Let l = q - -226. Suppose 0*n + w + 49 = 4*n, -3*n + w + 38 = 0. What is the greatest common divisor of n and l?
11
Suppose -4*m + 11 = 2*a - 21, 5*m = a - 2. Suppose 4*n - 11 = 1. Let v = n + a. Calculate the highest common divisor of 135 and v.
15
Suppose -4*z + 264 = 4*t, -5*z + 326 = -0*z + 4*t. Suppose -2*v = 2*i - 0*i - z, 0 = -2*i + 4. What is the highest common factor of v and 87?
29
Let y be 3*((-212)/12 - 2/3). Let f = 9 + y. Let o = f + 74. Calculate the greatest common divisor of o and 21.
7
Let f be (32/4 + -9)*-4. Suppose 456 = 4*d - 2*h, f*d - h = 8*d - 456. What is the highest common factor of d and 42?
6
Let d(g) = -866*g + 172. Let i be d(-34). What is the highest common divisor of i and 48?
48
Suppose -r = -3*q + 5, 0*q = r + 2*q - 5. Let s be 3*r*((-70)/(-21) - -4). Suppose -6*i = -82 + 16. Calculate the highest common factor of i and s.
11
Suppose 120*a = 116*a + 12. Let j be (3765/(-10))/(-3)*2 - a. What is the highest common factor of 8 and j?
8
Let i = 4056 - 2472. What is the greatest common factor of 33 and i?
33
Suppose -4*f = 5*q + 29, -12*q + 9*q - f - 16 = 0. Let h be (-872)/40*q - 1. Calculate the greatest common divisor of h and 12.
12
Suppose -2*d + 3*q = -0*d - 180, -1080 = -12*d + 2*q. Calculate the highest common divisor of d and 20565.
45
Let h(l) = -2*l**3 - 6*l**2 - 11*l - 11. Suppose -25 + 0 = 5*u. Let s be h(u). Suppose -o = -10*o + s. Calculate the greatest common factor of o and 24.
8
Let j be (17 + 7)*3/9 + 498. Calculate the greatest common factor of 176 and j.
22
Let a be 6/4 + -5*1/(-10). Let o be 2*(3/a - (-13 + 13)). Let c(x) = 2*x - 3. Let s be c(3). What is the greatest common factor of s and o?
3
Suppose 3*v = 2*m + 860, 4*v - 572 = 2*v + 2*m. Let w(k) = -k + 38. Suppose -5*y + 18 = -2*y. Let z be w(y). Calculate the greatest common divisor of v and z.
32
Suppose 4*r - 16 = -0*r. Suppose 113 = 4*v + 7*t, v + 4*t - 582 = -574. What is the greatest common factor of v and r?
4
Let v(m) be the second derivative of 0 - m**2 + 15*m + 1/6*m**4 - 1/3*m**3. Let f be v(-3). What is the greatest common divisor of f and 2?
2
Suppose 4*m + 3*m - 2191 = 0. Let l = 323 - m. Calculate the highest common factor of 10 and l.
10
Let f be (9 - 4)*(-4)/4. Let d be ((-16)/20)/(1/f). Suppose 0 = d*t - 42 - 78. What is the greatest common divisor of t and 40?
10
Let n be -1*(-4)/(-18) + (-2922012)/(-3726). Calculate the highest common divisor of 147 and n.
49
Suppose 20 = 54*c - 59*c. Let g(l) = -2*l. Let q be g(c). Let w be (2 + 1)/((-60)/(-2080)). What is the highest common factor of q and w?
8
Suppose 4*d - 37 = -5*x - 41, -4*d = -5*x + 4. Suppose 2*o + 751 = 4*i - 1091, -4*i - 2*o + 1838 = x. Calculate the greatest common factor of 20 and i.
20
Let o be ((-2)/2)/(19/2052). Let k = 104 + o. Let g be (2 - 1)/(k - (0 - 5)). What is the greatest common factor of 12 and g?
1
Suppose -102*x = -74*x - 3752. Calculate the greatest common factor of 46 and x.
2
Let c be (-43 - (-104 + 21))/((-4)/(-18)). What is the highest common factor of 5268 and c?
12
Suppose 4*p + 20 = -j, 20 = -p + 15. Suppose j = 7*i - 264 + 208. What is the highest common factor of i and 20?
4
Suppose 0 = -33*q + 28*q - 2*r + 546, -4*r = -2*q + 228. Suppose -3*t = -t - 60. Calculate the highest common divisor of q and t.
10
Suppose 0 = t - 3 - 9. Suppose -3*i + 569 = k, 4*i - 653 = -3*k + 94. Calculate the highest common divisor of t and i.
12
Suppose -18*f + 341 = 269. What is the greatest common divisor of 2754 and f?
2
Suppose 0 = 113*f - 89*f - 7123 + 211. What is the highest common factor of 168 and f?
24
Let a(n) = 460*n - 54. Let h be a(1). What is the highest common divisor of 21 and h?
7
Let w(k) be the first derivative of -8 - 4*k**2 + 0 + 2*k**2 - 4*k + 2. Let h be w(-5). What is the highest common divisor of 24 and h?
8
Let j(c) be the third derivative of -301*c**4/24 + 29*c**3/6 + c**2 + 70. Let x be j(-1). What is the highest common divisor of 30 and x?
30
Let u be (-18)/(4/(-12) - -1). Let j = -15 - u. Suppose 2*r - 4*g - 68 = 0, -3*g + 25 + 29 = 2*r. What is the highest common factor of r and j?
6
Suppose -11*f + 2*o + 2438 = -10*f, -12196 = -5*f + 7*o. What is the highest common divisor of 264 and f?
66
Let r = -10 + 25. Let z(o) = -4*o - 15. Suppose 8*t + 43 = -77. Let u be z(t). Calculate the greatest common factor of r and u.
15
Suppose 196*r + 14734 = 22729 + 16113. What is the greatest common divisor of r and 1599?
123
Suppose -4789 = 5*p - 2*z - 48783, -5*z = -4*p + 35168. What is the highest common factor of p and 163?
163
Let y = 107 + 124. Let b = 46152 + -46068. Calculate the highest common factor of b and y.
21
Suppose 4*v + 2*b - 23 = 11, -4*b + 36 = 4*v. Suppose 0 = 18*g - v - 28. Let y be (3 - 5)/(1 - 2). Calculate the greatest common factor of y and g.
2
Let p be (-3)/2*(-8)/4. Suppose -5*n = 5*y - p*n + 3, 4*n = -3*y - 13. Suppose 2*j + a = 27, y = -2*j - 3*a + 34. What is the highest common factor of j and 48?
12
Let x = 19197 + -12097. What is the greatest common factor of x and 200?
100
Let a(q) = -2*q**2 - q**3 + 5 + 4*q + 3*q**2 - 4 + 3. Let n be a(-2). Let b be n + -9 + 99*1. What is the greatest common factor of b and 14?
14
Let w = -82 + 140. Suppose -3 = 5*p - w. Let k = -43 - -142. Calculate the highest common factor of p and k.
11
Let l(q) = q**3 + q**2 + 193*q + 17265. Let s be l(0). What is the greatest common factor of 30 and s?
15
Suppose 4*x - 4 = 0, 5*i - 3159 = 2*i + 3*x. Suppose 0 = 2*d - 20, -23*d + 47*d + 122 = 3*g + 26*d. Calculate the greatest common factor of g and i.
34
Suppose 5*u + 146 = 641. Let z = -9319 + 9330. Calculate the highest common factor of z and u.
11
Suppose 116*p = 519*p - 6045. What is the greatest common factor of p and 183?
3
Let d = -64 - -91. Suppose -3*x = 2*o + 281, 0 = o - 17*x + 19*x + 143. Let v = 83 - o. What is the greatest common divisor of d and v?
27
Let c(z) = -z**3 + 18*z**2 + 51*z - 254. Let d be c(18). What is the greatest common divisor of 1245 and d?
83
Let k = -3452 - -3708. What is the greatest common factor of 336 and k?
16
Let f = -172 + 178. Let v be f/57 - (3 + (-184833)/171). Calculate the greatest common divisor of 22 and v.
22
Let j(q) = 157*q**2 - 151*q + 150. Let u be j(1). Calculate the highest common divisor of u and 598.
26
Let p(l) = -32*l**2 - 192*l - 90. Let g be p(-5). Calculate the greatest common divisor of 2338 and g.
14
Let s = 5834 + -5787. Calculate the highest common divisor of 12032 and s.
47
Let k = 8299 - 8274. Calculate the highest common factor of k and 115.
5
Let x = 4878 - 4855. Calculate the greatest common factor of x and 2047.
23
Suppose -2*b + 4*t + 734 = 0, 201 - 598 = -b - 4*t. Let q = 105888 + -105862. Calculate the greatest common factor of b and q.
13
Let l = -32 - -30. Let k be (-2)/(-5) + (l - 556/(-10)). Suppose g + 3*c - 8*c - k = 0, 0 = 2*g + 2*c - 132. What is the greatest common divisor of 8 and g?
8
Suppose 7*c - 677 = -222. What is the highest common divisor of 143 and c?
13
Suppose 0*y - 108 = 6*y. Let t = y + 94. Calculate the greatest common factor of t and 190.
38
Suppose 0 = -4*u - b + 6*b + 864, 5*u + 5*b - 1125 = 0. Calculate the greatest common factor of u and 459.
17
Let n be -1 + (-1105)/(-4) - (-681)/(-2724). Calculate the highest common divisor of n and 325.
25
Let c = -106 + 206. Let q(j) = -17*j + 127. Let m be (1 - 258/(-54)) + 2/9. Let y be q(m). What is the highest common divisor of y and c?
25
Suppose 2568 - 3720 = -12*l. Calculate the greatest common factor of l and 1552.
16
Suppose 6*y - 126 = -4*r + 4*y, 2*r = -3*y + 65. Let i be r + -3 - 1/(1 + -2). What is the greatest common factor of i and 725?
29
Let j(u) = u**3 + 8*u**2 + u - 1. Let m be j(-8). Let h(x) = -x**3 - 7*x**2 + 12*x - 5. Let b be h(m). What is the highest common divisor of b and 343?
49
Suppose f - 462 =